{"id":1449,"date":"2021-04-11T17:29:32","date_gmt":"2021-04-11T15:29:32","guid":{"rendered":"http:\/\/localhost\/news\/?page_id=1449"},"modified":"2021-04-26T20:37:16","modified_gmt":"2021-04-26T18:37:16","slug":"other","status":"publish","type":"page","link":"https:\/\/afea.fr\/news\/other\/","title":{"rendered":"Other announcements"},"content":{"rendered":"\n<div class=\"wp-block-cover alignfull has-background-dim has-parallax\" style=\"background-image:url(https:\/\/afea.fr\/news\/wp-content\/uploads\/sites\/2\/2021\/04\/megaphone-loud-speaker-speaker-1480342.jpg);background-color:#181e19;min-height:600px;aspect-ratio:unset;\"><div class=\"wp-block-cover__inner-container is-layout-flow wp-block-cover-is-layout-flow\">\n<div class=\"wp-block-columns are-vertically-aligned-center is-layout-flex wp-container-core-columns-is-layout-1 wp-block-columns-is-layout-flex\">\n<div class=\"wp-block-column is-vertically-aligned-center is-layout-flow wp-block-column-is-layout-flow\">\n<h1 class=\"has-white-color has-text-color has-large-font-size wp-block-heading\">Other announcements<\/h1>\n<\/div>\n\n\n\n<div class=\"wp-block-column is-vertically-aligned-center is-layout-flow wp-block-column-is-layout-flow\">\n<p class=\"has-white-color has-text-color\">This page lists various announcements posted by members. To submit your own, please refer to the link in the menu.<\/p>\n<\/div>\n<\/div>\n<\/div><\/div>\n\n\n\n<div class=\"wp-block-group alignfull\"><div class=\"wp-block-group__inner-container is-layout-flow wp-block-group-is-layout-flow\">\n<div class=\"wp-block-media-text alignwide is-stacked-on-mobile is-vertically-aligned-top\" style=\"grid-template-columns:30% auto\"><figure class=\"wp-block-media-text__media\"><img data-recalc-dims=\"1\" loading=\"lazy\" decoding=\"async\" width=\"1024\" height=\"1024\" src=\"https:\/\/i0.wp.com\/afea.fr\/news\/wp-content\/uploads\/sites\/2\/2021\/04\/announce-marketing-attention-3192838.jpg?resize=1024%2C1024&#038;ssl=1\" alt=\"announce, marketing, attention\" class=\"wp-image-1451 size-full\" srcset=\"https:\/\/i0.wp.com\/afea.fr\/news\/wp-content\/uploads\/sites\/2\/2021\/04\/announce-marketing-attention-3192838.jpg?resize=1024%2C1024&amp;ssl=1 1024w, https:\/\/i0.wp.com\/afea.fr\/news\/wp-content\/uploads\/sites\/2\/2021\/04\/announce-marketing-attention-3192838.jpg?resize=300%2C300&amp;ssl=1 300w, https:\/\/i0.wp.com\/afea.fr\/news\/wp-content\/uploads\/sites\/2\/2021\/04\/announce-marketing-attention-3192838.jpg?resize=150%2C150&amp;ssl=1 150w, https:\/\/i0.wp.com\/afea.fr\/news\/wp-content\/uploads\/sites\/2\/2021\/04\/announce-marketing-attention-3192838.jpg?resize=768%2C768&amp;ssl=1 768w, https:\/\/i0.wp.com\/afea.fr\/news\/wp-content\/uploads\/sites\/2\/2021\/04\/announce-marketing-attention-3192838.jpg?w=1280&amp;ssl=1 1280w\" sizes=\"(max-width: 1000px) 100vw, 1000px\" \/><\/figure><div class=\"wp-block-media-text__content\">\n<p>Listed by publication date on this website. For more, please click the button below.<\/p>\n\n\n<ul class=\"has-dates has-excerpts wp-block-rss\"><li class='wp-block-rss__item'><div class='wp-block-rss__item-title'><a href='https:\/\/afea.fr\/news\/other-news\/us-election-night-at-the-university-of-orleans-nov-5\/5259\/'>US Election Night at the University of Orl\u00e9ans (Nov. 5)<\/a><\/div><time datetime=\"2024-10-26T23:11:09+02:00\" class=\"wp-block-rss__item-publish-date\">octobre 26, 2024<\/time> <div class=\"wp-block-rss__item-excerpt\">Le d\u00e9partement LLCER ANGLAIS de l\u2019Universit\u00e9 d\u2019Orl\u00e9ans a le plaisir de vous convier, dans la soir\u00e9e du mardi 5 novembre, [\u2026]<\/div><\/li><li class='wp-block-rss__item'><div class='wp-block-rss__item-title'><a href='https:\/\/afea.fr\/news\/other-news\/lecture-bilingue-avec-claudia-rankine-nassera-tamer-et-nicolas-pesques\/5230\/'>Lecture bilingue avec Claudia Rankine, Nassera Tamer et Nicolas Pesqu\u00e8s<\/a><\/div><time datetime=\"2024-10-20T07:57:19+02:00\" class=\"wp-block-rss__item-publish-date\">octobre 20, 2024<\/time> <div class=\"wp-block-rss__item-excerpt\">L\u2019atelier Michael Woolworth et double change ont le plaisir de vous inviter le mardi 22 octobre \u00e0 19h \u00e0 une [\u2026]<\/div><\/li><li class='wp-block-rss__item'><div class='wp-block-rss__item-title'><a href='https:\/\/afea.fr\/news\/other-news\/vacations-td-anglais-l1-et-cm-civilisation-americaine-l2\/5178\/'>Vacations TD anglais L1 et CM civilisation am\u00e9ricaine L2<\/a><\/div><time datetime=\"2024-10-08T18:57:19+02:00\" class=\"wp-block-rss__item-publish-date\">octobre 8, 2024<\/time> <div class=\"wp-block-rss__item-excerpt\">La facult\u00e9 d\u2019Administration et Echanges Internationaux (AEI International School) de l\u2019Universit\u00e9 Paris-Est Cr\u00e9teil recherche d\u2019urgence un ou des vacataires pour [\u2026]<\/div><\/li><li class='wp-block-rss__item'><div class='wp-block-rss__item-title'><a href='https:\/\/afea.fr\/news\/other-news\/offre-contrat-post-doctoral-cdd-12-mois-projet-anr-tactics\/5173\/'>Offre contrat post-doctoral | CDD 12 mois | Projet ANR TACTICS<\/a><\/div><time datetime=\"2024-10-08T10:32:56+02:00\" class=\"wp-block-rss__item-publish-date\">octobre 8, 2024<\/time> <div class=\"wp-block-rss__item-excerpt\">Bonjour \u00e0 toutes et \u00e0 tous, Nous recrutons un ou une chercheuse contractuelle dans le cadre du projet ANR JCJC [\u2026]<\/div><\/li><li class='wp-block-rss__item'><div class='wp-block-rss__item-title'><a href='https:\/\/afea.fr\/news\/soutenance\/milena-arsich-lexamen-du-langage-les-questionnements-metalinguistiques-dans-la-poesie-francaise-russe-et-nord-americaine-1970-2000\/5116\/'>Milena Arsich, \u00ab L&#039;examen du langage : les questionnements m\u00e9talinguistiques dans la po\u00e9sie fran\u00e7aise, russe et nord-am\u00e9ricaine (1970-2000) \u00bb<\/a><\/div><time datetime=\"2024-09-27T12:07:25+02:00\" class=\"wp-block-rss__item-publish-date\">septembre 27, 2024<\/time> <div class=\"wp-block-rss__item-excerpt\">L\u2019Institut de litt\u00e9rature compar\u00e9e et son groupe de recherches L\u2019Europe des lettres sont heureux d\u2019annoncer la prochaine soutenance de th\u00e8se [\u2026]<\/div><\/li><li class='wp-block-rss__item'><div class='wp-block-rss__item-title'><a href='https:\/\/afea.fr\/news\/other-news\/rappel-lecture-de-poesie-terrance-hayes-le-mardi-21-mai-a-18h-campus-des-cordeliers-de-sorbonne-universite-lien-dinscription-gratuit-mais-obligatoire\/4806\/'>RAPPEL: Lecture de po\u00e9sie \u2013 Terrance Hayes le mardi 21 mai \u00e0 18h \u2013 Campus des Cordeliers de Sorbonne Universit\u00e9 \u2013 lien d&#039;inscription (gratuit mais obligatoire)<\/a><\/div><time datetime=\"2024-05-15T16:54:08+02:00\" class=\"wp-block-rss__item-publish-date\">mai 15, 2024<\/time> <div class=\"wp-block-rss__item-excerpt\">Ch\u00e8res et chers Coll\u00e8gues, Nous vous rappelons que Terrance Hayes donnera une lecture publique de ses po\u00e8mes la semaine prochaine [\u2026]<\/div><\/li><li class='wp-block-rss__item'><div class='wp-block-rss__item-title'><a href='https:\/\/afea.fr\/news\/other-news\/phd-scholarship-legal-studies-housing-community-land-trusts\/3893\/'>PhD Scholarship: Legal Studies &amp; Housing \/ Community Land Trusts<\/a><\/div><time datetime=\"2024-04-17T16:22:06+02:00\" class=\"wp-block-rss__item-publish-date\">avril 17, 2024<\/time> <div class=\"wp-block-rss__item-excerpt\">Salah Oueslati and Marc Goetzmann (University of Tours) are recruiting a PhD student to join the TRUST_ISSUES project in Tours [\u2026]<\/div><\/li><li class='wp-block-rss__item'><div class='wp-block-rss__item-title'><a href='https:\/\/afea.fr\/news\/other-news\/contemporary-black-artists-in-museums-a-french-american-conversation-sorbonne-nouvelle\/3888\/'>Contemporary Black Artists in Museums : A French-American Conversation, Sorbonne Nouvelle<\/a><\/div><time datetime=\"2024-04-15T16:33:54+02:00\" class=\"wp-block-rss__item-publish-date\">avril 15, 2024<\/time> <div class=\"wp-block-rss__item-excerpt\">Contemporary Black Artists in Museums: A French-American Conversation, 18 juin 2024, 17h-19h, Amphith\u00e9\u00e2tre Durkheim Rencontre en Sorbonne entre les artistes [\u2026]<\/div><\/li><li class='wp-block-rss__item'><div class='wp-block-rss__item-title'><a href='https:\/\/afea.fr\/news\/other-news\/webinaire-dinformation-sur-le-wiki-des-auditions-11eme-section-22-mars-15h00\/3642\/'>Webinaire d&#039;information sur le Wiki des auditions 11\u00e8me section \u2013 22 mars \u2013 15h00<\/a><\/div><time datetime=\"2024-03-19T16:39:30+01:00\" class=\"wp-block-rss__item-publish-date\">mars 19, 2024<\/time> <div class=\"wp-block-rss__item-excerpt\">Ch\u00e8res et chers coll\u00e8gues, La SAES et l\u2019AFEA vous proposent de participer \u00e0 un Webinaire le 22 mars 2024, 15h00-16h30, [\u2026]<\/div><\/li><li class='wp-block-rss__item'><div class='wp-block-rss__item-title'><a href='https:\/\/afea.fr\/news\/other-news\/poste-recrutement-post-doc-projet-wise\/3707\/'>Poste : recrutement post-doc, projet WISE<\/a><\/div><time datetime=\"2024-03-09T10:29:40+01:00\" class=\"wp-block-rss__item-publish-date\">mars 9, 2024<\/time> <div class=\"wp-block-rss__item-excerpt\">Ch\u00e8res toutes, chers tous, Dans le cadre du projet WISE (Women Poets Inspired by the Sciences since the Romantic Era), [\u2026]<\/div><\/li><\/ul>\n\n\n<div class=\"wp-block-buttons is-layout-flex wp-block-buttons-is-layout-flex\">\n<div class=\"wp-block-button\"><a class=\"wp-block-button__link\" href=\"https:\/\/afea.fr\/news\/category\/other-news\">More<\/a><\/div>\n<\/div>\n<\/div><\/div>\n<\/div><\/div>\n\n\n\n<div class=\"wp-block-group alignfull has-background\" style=\"background-color:#f8f7f2\"><div class=\"wp-block-group__inner-container is-layout-flow wp-block-group-is-layout-flow\">\n<div class=\"wp-block-media-text alignwide has-media-on-the-right is-stacked-on-mobile is-vertically-aligned-center\" style=\"grid-template-columns:auto 36%\"><figure class=\"wp-block-media-text__media\"><img data-recalc-dims=\"1\" decoding=\"async\" src=\"https:\/\/i0.wp.com\/afea.fr\/news\/wp-content\/uploads\/sites\/2\/2020\/08\/testimonials1.png?ssl=1\" alt=\"\" class=\"wp-image-558 size-full\"\/><\/figure><div class=\"wp-block-media-text__content\">\n<p><em>Velit sollicitudin porttitor sed dignissim tellus etiam morbi orci fermentum, gravida semper amet feugiat cras neque, mus aenean id volutpat nisl sit condimentum a ullamcorper nunc nec ultrices tristique amet, cursus non semper faucibus ultrices facilisis vulputate sit tempus ullamcorper tortor, cursus velit iaculis sed scelerisque massa, egestas rhoncus ullamcorper aliquet fames feugiat.<\/em><\/p>\n\n\n\n<h5 class=\"wp-block-heading\">Mia Janne<\/h5>\n<\/div><\/div>\n<\/div><\/div>\n\n\n\n<p><\/p>\n","protected":false},"excerpt":{"rendered":"<p>Listed by publication date on this website. For more, please click the button below. Velit sollicitudin porttitor sed dignissim tellus [&hellip;]<\/p>\n","protected":false},"author":1,"featured_media":0,"parent":0,"menu_order":0,"comment_status":"closed","ping_status":"closed","template":"","meta":{"_uag_custom_page_level_css":"","site-sidebar-layout":"default","site-content-layout":"plain-container","ast-site-content-layout":"default","site-content-style":"default","site-sidebar-style":"default","ast-global-header-display":"","ast-banner-title-visibility":"","ast-main-header-display":"","ast-hfb-above-header-display":"","ast-hfb-below-header-display":"","ast-hfb-mobile-header-display":"","site-post-title":"disabled","ast-breadcrumbs-content":"","ast-featured-img":"","footer-sml-layout":"","ast-disable-related-posts":"","theme-transparent-header-meta":"enabled","adv-header-id-meta":"","stick-header-meta":"","header-above-stick-meta":"","header-main-stick-meta":"","header-below-stick-meta":"","astra-migrate-meta-layouts":"default","ast-page-background-enabled":"default","ast-page-background-meta":{"desktop":{"background-color":"var(--ast-global-color-5)","background-image":"","background-repeat":"repeat","background-position":"center center","background-size":"auto","background-attachment":"scroll","background-type":"","background-media":"","overlay-type":"","overlay-color":"","overlay-opacity":"","overlay-gradient":""},"tablet":{"background-color":"","background-image":"","background-repeat":"repeat","background-position":"center center","background-size":"auto","background-attachment":"scroll","background-type":"","background-media":"","overlay-type":"","overlay-color":"","overlay-opacity":"","overlay-gradient":""},"mobile":{"background-color":"","background-image":"","background-repeat":"repeat","background-position":"center center","background-size":"auto","background-attachment":"scroll","background-type":"","background-media":"","overlay-type":"","overlay-color":"","overlay-opacity":"","overlay-gradient":""}},"ast-content-background-meta":{"desktop":{"background-color":"var(--ast-global-color-4)","background-image":"","background-repeat":"repeat","background-position":"center center","background-size":"auto","background-attachment":"scroll","background-type":"","background-media":"","overlay-type":"","overlay-color":"","overlay-opacity":"","overlay-gradient":""},"tablet":{"background-color":"var(--ast-global-color-4)","background-image":"","background-repeat":"repeat","background-position":"center center","background-size":"auto","background-attachment":"scroll","background-type":"","background-media":"","overlay-type":"","overlay-color":"","overlay-opacity":"","overlay-gradient":""},"mobile":{"background-color":"var(--ast-global-color-4)","background-image":"","background-repeat":"repeat","background-position":"center center","background-size":"auto","background-attachment":"scroll","background-type":"","background-media":"","overlay-type":"","overlay-color":"","overlay-opacity":"","overlay-gradient":""}},"footnotes":""},"class_list":["post-1449","page","type-page","status-publish","hentry"],"uagb_featured_image_src":{"full":false,"thumbnail":false,"medium":false,"medium_large":false,"large":false,"1536x1536":false,"2048x2048":false},"uagb_author_info":{"display_name":"Admin","author_link":"https:\/\/afea.fr\/news\/author\/yanb\/"},"uagb_comment_info":0,"uagb_excerpt":"Listed by publication date on this website. For more, please click the button below. Velit sollicitudin porttitor sed dignissim tellus [&hellip;]","jetpack_sharing_enabled":true,"_links":{"self":[{"href":"https:\/\/afea.fr\/news\/wp-json\/wp\/v2\/pages\/1449"}],"collection":[{"href":"https:\/\/afea.fr\/news\/wp-json\/wp\/v2\/pages"}],"about":[{"href":"https:\/\/afea.fr\/news\/wp-json\/wp\/v2\/types\/page"}],"author":[{"embeddable":true,"href":"https:\/\/afea.fr\/news\/wp-json\/wp\/v2\/users\/1"}],"replies":[{"embeddable":true,"href":"https:\/\/afea.fr\/news\/wp-json\/wp\/v2\/comments?post=1449"}],"version-history":[{"count":3,"href":"https:\/\/afea.fr\/news\/wp-json\/wp\/v2\/pages\/1449\/revisions"}],"predecessor-version":[{"id":1663,"href":"https:\/\/afea.fr\/news\/wp-json\/wp\/v2\/pages\/1449\/revisions\/1663"}],"wp:attachment":[{"href":"https:\/\/afea.fr\/news\/wp-json\/wp\/v2\/media?parent=1449"}],"curies":[{"name":"wp","href":"https:\/\/api.w.org\/{rel}","templated":true}]}}