{"id":1424,"date":"2021-04-11T16:41:48","date_gmt":"2021-04-11T14:41:48","guid":{"rendered":"http:\/\/localhost\/news\/?page_id=1424"},"modified":"2021-04-27T11:23:27","modified_gmt":"2021-04-27T09:23:27","slug":"seminar-announcement","status":"publish","type":"page","link":"https:\/\/afea.fr\/news\/seminar-announcement\/","title":{"rendered":"Seminar announcements"},"content":{"rendered":"\n<div class=\"wp-block-cover alignfull has-background-dim-40 has-background-dim\" style=\"background-color:#181e19;min-height:600px;aspect-ratio:unset;\"><img data-recalc-dims=\"1\" loading=\"lazy\" decoding=\"async\" width=\"1280\" height=\"853\" class=\"wp-block-cover__image-background wp-image-1426\" alt=\"\" src=\"https:\/\/i0.wp.com\/afea.fr\/news\/wp-content\/uploads\/sites\/2\/2021\/04\/startup-meeting-brainstorming-594090.jpg?resize=1280%2C853&#038;ssl=1\" style=\"object-position:65% 60%\" data-object-fit=\"cover\" data-object-position=\"65% 60%\" srcset=\"https:\/\/i0.wp.com\/afea.fr\/news\/wp-content\/uploads\/sites\/2\/2021\/04\/startup-meeting-brainstorming-594090.jpg?w=1280&amp;ssl=1 1280w, https:\/\/i0.wp.com\/afea.fr\/news\/wp-content\/uploads\/sites\/2\/2021\/04\/startup-meeting-brainstorming-594090.jpg?resize=300%2C200&amp;ssl=1 300w, https:\/\/i0.wp.com\/afea.fr\/news\/wp-content\/uploads\/sites\/2\/2021\/04\/startup-meeting-brainstorming-594090.jpg?resize=1024%2C682&amp;ssl=1 1024w, https:\/\/i0.wp.com\/afea.fr\/news\/wp-content\/uploads\/sites\/2\/2021\/04\/startup-meeting-brainstorming-594090.jpg?resize=768%2C512&amp;ssl=1 768w\" sizes=\"(max-width: 1000px) 100vw, 1000px\" \/><div class=\"wp-block-cover__inner-container is-layout-flow wp-block-cover-is-layout-flow\">\n<div class=\"wp-block-columns are-vertically-aligned-center is-layout-flex wp-container-core-columns-is-layout-1 wp-block-columns-is-layout-flex\">\n<div class=\"wp-block-column is-vertically-aligned-center is-layout-flow wp-block-column-is-layout-flow\">\n<h1 class=\"has-white-color has-text-color has-large-font-size wp-block-heading\">Seminar announcements<\/h1>\n<\/div>\n\n\n\n<div class=\"wp-block-column is-vertically-aligned-center is-layout-flow wp-block-column-is-layout-flow\">\n<p class=\"has-white-color has-text-color\">This page lists the latest upcoming conferences and symposia posted by members. To submit your own, please refer to the link in the menu.<\/p>\n<\/div>\n<\/div>\n<\/div><\/div>\n\n\n\n<div class=\"wp-block-group alignfull\"><div class=\"wp-block-group__inner-container is-layout-flow wp-block-group-is-layout-flow\">\n<div class=\"wp-block-media-text alignwide is-stacked-on-mobile is-vertically-aligned-center\" style=\"grid-template-columns:30% auto\"><figure class=\"wp-block-media-text__media\"><img data-recalc-dims=\"1\" loading=\"lazy\" decoding=\"async\" width=\"1024\" height=\"682\" src=\"https:\/\/i0.wp.com\/afea.fr\/news\/wp-content\/uploads\/sites\/2\/2021\/04\/taking-notes-training-writing-3475991.jpg?resize=1024%2C682&#038;ssl=1\" alt=\"taking notes, training, writing\" class=\"wp-image-1418 size-full\" srcset=\"https:\/\/i0.wp.com\/afea.fr\/news\/wp-content\/uploads\/sites\/2\/2021\/04\/taking-notes-training-writing-3475991.jpg?resize=1024%2C682&amp;ssl=1 1024w, https:\/\/i0.wp.com\/afea.fr\/news\/wp-content\/uploads\/sites\/2\/2021\/04\/taking-notes-training-writing-3475991.jpg?resize=300%2C200&amp;ssl=1 300w, https:\/\/i0.wp.com\/afea.fr\/news\/wp-content\/uploads\/sites\/2\/2021\/04\/taking-notes-training-writing-3475991.jpg?resize=768%2C512&amp;ssl=1 768w, https:\/\/i0.wp.com\/afea.fr\/news\/wp-content\/uploads\/sites\/2\/2021\/04\/taking-notes-training-writing-3475991.jpg?w=1280&amp;ssl=1 1280w\" sizes=\"(max-width: 1000px) 100vw, 1000px\" \/><\/figure><div class=\"wp-block-media-text__content\">\n<p>Listed by publication date on this website. For more, please click the button below.<\/p>\n\n\n<ul class=\"has-dates has-excerpts wp-block-rss\"><li class='wp-block-rss__item'><div class='wp-block-rss__item-title'><a href='https:\/\/afea.fr\/news\/seminar\/environmental-humanities-workshop-larca-umr-8225-auto-ethnographic-reflections-on-ecological-grief-thursday-28-nov-8pm-paris-time-teams\/5368\/'>Environmental Humanities Workshop\/ LARCA UMR 8225 \u2014 &#039;Auto-ethnographic reflections on ecological grief&#039; (Thursday 28 Nov., 8pm Paris time-TEAMS)<\/a><\/div><time datetime=\"2024-11-25T10:38:18+01:00\" class=\"wp-block-rss__item-publish-date\">novembre 25, 2024<\/time> <div class=\"wp-block-rss__item-excerpt\">Dear colleagues, This email is both a reminder of the upcoming LARCA Environmental Humanities seminar on \u2018Auto-ethnographic reflections on ecological [\u2026]<\/div><\/li><li class='wp-block-rss__item'><div class='wp-block-rss__item-title'><a href='https:\/\/afea.fr\/news\/seminar\/mediamerica-seance-2-louise-angles-dauriac-universite-sorbonne-nouvelle-peuple-public-et-communautes-sur-twitter-lors-des-elections-presidentielles-americaines-de-202\/5322\/'>M\u00e9diam\u00e9rica, s\u00e9ance 2 \u2013 Louise Angl\u00e8s d\u2019Auriac (Universit\u00e9 Sorbonne-Nouvelle) : \u201cPeuple, public et communaut\u00e9s sur Twitter lors des \u00e9lections pr\u00e9sidentielles am\u00e9ricaines de 2020\u201d<\/a><\/div><time datetime=\"2024-11-14T11:22:41+01:00\" class=\"wp-block-rss__item-publish-date\">novembre 14, 2024<\/time> <div class=\"wp-block-rss__item-excerpt\">Cher\u00b7e\u00b7s coll\u00e8gues, J\u2019ai le plaisir d\u2019annoncer la deuxi\u00e8me s\u00e9ance du s\u00e9minaire M\u00e9diamerica, le lundi 18 novembre de 17h30 \u00e0 19h00, [\u2026]<\/div><\/li><li class='wp-block-rss__item'><div class='wp-block-rss__item-title'><a href='https:\/\/afea.fr\/news\/seminar\/sem-orus-politiques-americaines-universite-paris-nanterre-19-21-novembre-jana-k-lipman-et-max-paul-friedman-agregation-les-etats-unis-et-lamerique-latine\/5310\/'>SEM ORUS \/ Politiques am\u00e9ricaines (Universit\u00e9 Paris Nanterre) \u2013 19 &amp; 21 novembre \u2013 Jana K. Lipman et Max Paul Friedman (AGREGATION \u2013 les Etats-Unis et l&#039;Am\u00e9rique latine)<\/a><\/div><time datetime=\"2024-11-11T19:23:56+01:00\" class=\"wp-block-rss__item-publish-date\">novembre 11, 2024<\/time> <div class=\"wp-block-rss__item-excerpt\">Ch\u00e8res et chers coll\u00e8gues, Nous avons le plaisir de vous inviter \u00e0 deux s\u00e9ances du s\u00e9minaire ORUS \/ Politiques Am\u00e9ricaines [\u2026]<\/div><\/li><li class='wp-block-rss__item'><div class='wp-block-rss__item-title'><a href='https:\/\/afea.fr\/news\/seminar\/seminaire-capitalisme-et-education-14-novembre-14h-16h30-institut-detudes-avancees-2\/5301\/'>S\u00e9minaire Capitalisme et \u00e9ducation, 14 novembre, 14h-16h30, Institut d&#039;Etudes Avanc\u00e9es<\/a><\/div><time datetime=\"2024-11-08T09:52:15+01:00\" class=\"wp-block-rss__item-publish-date\">novembre 8, 2024<\/time> <div class=\"wp-block-rss__item-excerpt\">Le s\u00e9minaire \u201cCapitalisme et \u00e9ducation\u201d tiendra sa seconde s\u00e9ance le jeudi 14 novembre 2024 (accueil et pause caf\u00e9 \u00e0 14h [\u2026]<\/div><\/li><li class='wp-block-rss__item'><div class='wp-block-rss__item-title'><a href='https:\/\/afea.fr\/news\/seminar\/sem-seminaire-jeune-amerique-redehja-8-novembre-2024\/5279\/'>SEM s\u00e9minaire Jeune Am\u00e9rique Redehja 8 novembre 2024<\/a><\/div><time datetime=\"2024-11-04T09:03:03+01:00\" class=\"wp-block-rss__item-publish-date\">novembre 4, 2024<\/time> <div class=\"wp-block-rss__item-excerpt\">Ch\u00e8res coll\u00e8gues, chers coll\u00e8gues, La s\u00e9ance de rentr\u00e9e du s\u00e9minaire Jeune Am\u00e9rique du Redehja aura lieu vendredi 8 novembre, de [\u2026]<\/div><\/li><li class='wp-block-rss__item'><div class='wp-block-rss__item-title'><a href='https:\/\/afea.fr\/news\/seminar\/seminaire-2024-2025-du-greps-quand-cinema-et-audiovisuel-dechainent-les-passions-polemiques-et-controverses-mediatiques-tensions-politiques-et-debat-public\/5273\/'>S\u00e9minaire 2024-2025 du GREPs \u2013 Quand cin\u00e9ma et audiovisuel d\u00e9cha\u00eenent les passions : pol\u00e9miques et controverses m\u00e9diatiques, tensions politiques et d\u00e9bat public<\/a><\/div><time datetime=\"2024-10-31T17:04:34+01:00\" class=\"wp-block-rss__item-publish-date\">octobre 31, 2024<\/time> <div class=\"wp-block-rss__item-excerpt\">Inscrit dans les activit\u00e9s de l\u2019IRCAV, le nouveau s\u00e9minaire mensuel de recherche du GREPs (Groupe de Recherche sur les \u00c9crans [\u2026]<\/div><\/li><li class='wp-block-rss__item'><div class='wp-block-rss__item-title'><a href='https:\/\/afea.fr\/news\/seminar\/seminaire-de-lobservatoire-de-recherche-sur-les-etats-unis-orus-politiques-americaines-universite-paris-nanterre-johan-wurzburg\/5220\/'>S\u00e9minaire de l&#039;Observatoire de Recherche sur les \u00c9tats-Unis (ORUS\/Politiques Am\u00e9ricaines, Universit\u00e9 Paris Nanterre) \u2013 Johan Wurzburg<\/a><\/div><time datetime=\"2024-10-16T19:59:17+02:00\" class=\"wp-block-rss__item-publish-date\">octobre 16, 2024<\/time> <div class=\"wp-block-rss__item-excerpt\">Nous avons le plaisir de vous inviter \u00e0 la nouvelle s\u00e9ance du s\u00e9minaire de l\u2019Observatoire de Recherche sur les \u00c9tats-Unis [\u2026]<\/div><\/li><li class='wp-block-rss__item'><div class='wp-block-rss__item-title'><a href='https:\/\/afea.fr\/news\/seminar\/popular-culture-politics-and-identity-rennes-2-24-10-24-bob-dylan\/5206\/'>Popular culture, politics and identity (Rennes 2, 24\/10\/24) \u2013 Bob Dylan<\/a><\/div><time datetime=\"2024-10-15T20:27:10+02:00\" class=\"wp-block-rss__item-publish-date\">octobre 15, 2024<\/time> <div class=\"wp-block-rss__item-excerpt\">Bonjour \u00e0 toutes et tous, L\u2019\u00e9quipe ACE de l\u2019Universit\u00e9 Rennes 2 a le plaisir de vous annoncer la poursuite du [\u2026]<\/div><\/li><li class='wp-block-rss__item'><div class='wp-block-rss__item-title'><a href='https:\/\/afea.fr\/news\/seminar\/a19-friday-11-october-2-4-pm-ellen-garvey-new-jersey-city-university-why-were-they-missing-recovering-harriet-beecher-stowes-writings-on-slavery-beyond-the-civil-war\/5181\/'>A19 \/ Friday, 11 October, 2-4 pm: Ellen Garvey (New Jersey City University), \u201cWhy Were They Missing? Recovering Harriet Beecher Stowe\u2019s Writings on Slavery beyond the Civil War\u201d (Universit\u00e9 Paris Cit\u00e9, OdG Building, Room 830)<\/a><\/div><time datetime=\"2024-10-09T19:05:19+02:00\" class=\"wp-block-rss__item-publish-date\">octobre 9, 2024<\/time> <div class=\"wp-block-rss__item-excerpt\">The next session of the A19 research seminar (LARCA, Universit\u00e9 Paris Cit\u00e9 \/ VALE, Sorbonne Universit\u00e9) will take place on [\u2026]<\/div><\/li><li class='wp-block-rss__item'><div class='wp-block-rss__item-title'><a href='https:\/\/afea.fr\/news\/seminar\/seminaire-capitalisme-et-education-14-novembre-14h-16h30-institut-detudes-avancees\/5168\/'>S\u00e9minaire Capitalisme et \u00e9ducation, 14 novembre, 14h-16h30, Institut d&#039;Etudes Avanc\u00e9es<\/a><\/div><time datetime=\"2024-10-08T08:45:46+02:00\" class=\"wp-block-rss__item-publish-date\">octobre 8, 2024<\/time> <div class=\"wp-block-rss__item-excerpt\">Le s\u00e9minaire \u201cCapitalisme et \u00e9ducation\u201d tiendra sa seconde s\u00e9ance le jeudi 14 novembre 2024 (accueil et pause caf\u00e9 \u00e0 14h [\u2026]<\/div><\/li><li class='wp-block-rss__item'><div class='wp-block-rss__item-title'><a href='https:\/\/afea.fr\/news\/seminar\/sem-observatoire-de-recherche-sur-les-etats-unis-universite-paris-nanterre-8-octobre-soukayna-mniai\/5159\/'>SEM Observatoire de recherche sur les Etats-Unis (Universit\u00e9 Paris Nanterre) \u2013 8 octobre \u2013 Soukayna Mnia\u00ef<\/a><\/div><time datetime=\"2024-10-02T21:58:44+02:00\" class=\"wp-block-rss__item-publish-date\">octobre 2, 2024<\/time> <div class=\"wp-block-rss__item-excerpt\">Ch\u00e8res et chers coll\u00e8gues, Nous avons le plaisir de vous inviter \u00e0 la prochaine s\u00e9ance du s\u00e9minaire de l\u2019Observatoire de [\u2026]<\/div><\/li><li class='wp-block-rss__item'><div class='wp-block-rss__item-title'><a href='https:\/\/afea.fr\/news\/seminar\/sem-programme-du-seminaire-jeune-amerique-redehja-2024-2025\/5153\/'>SEM Programme du s\u00e9minaire Jeune Am\u00e9rique Redehja 2024-2025<\/a><\/div><time datetime=\"2024-09-30T17:23:00+02:00\" class=\"wp-block-rss__item-publish-date\">septembre 30, 2024<\/time> <div class=\"wp-block-rss__item-excerpt\">Ch\u00e8res et chers coll\u00e8gues, Nous avons le plaisir de vous communiquer le programme de la deuxi\u00e8me ann\u00e9e du s\u00e9minaire R\u00e9dehja. [\u2026]<\/div><\/li><li class='wp-block-rss__item'><div class='wp-block-rss__item-title'><a href='https:\/\/afea.fr\/news\/seminar\/sem-poetry-beyond-vale-cycle-la-poesie-exposee-jeu-3-oct-17h-elise-angioi-paris-8-les-installations-poemes-plurilingues-de-caroline-bergvall\/5117\/'>SEM \u2013 Poetry Beyond (VALE) \u2013 Cycle La po\u00e9sie expos\u00e9e \u2013 Jeu. 3 oct 17h \/ Elise Angioi (Paris 8) \u00ab Les installations-po\u00e8mes plurilingues de Caroline Bergvall \u00bb<\/a><\/div><time datetime=\"2024-09-27T12:07:48+02:00\" class=\"wp-block-rss__item-publish-date\">septembre 27, 2024<\/time> <div class=\"wp-block-rss__item-excerpt\">Ch\u00e8res et chers Coll\u00e8gues, Dans le cadre du Cycle interdisciplinaire \u00ab Du livre au mur ! La po\u00e9sie expos\u00e9e (mus\u00e9es, [\u2026]<\/div><\/li><li class='wp-block-rss__item'><div class='wp-block-rss__item-title'><a href='https:\/\/afea.fr\/news\/seminar\/seminaire-mediamerica-programme-2024-2025\/4995\/'>S\u00e9minaire M\u00e9diamerica \u2013 Programme 2024-2025<\/a><\/div><time datetime=\"2024-08-29T14:50:13+02:00\" class=\"wp-block-rss__item-publish-date\">ao\u00fbt 29, 2024<\/time> <div class=\"wp-block-rss__item-excerpt\">Ch\u00e8res et chers coll\u00e8gues, Nous avons le grand plaisir de vous faier part du programme du s\u00e9minaire M\u00e9diam\u00e9rica, anim\u00e9 par [\u2026]<\/div><\/li><li class='wp-block-rss__item'><div class='wp-block-rss__item-title'><a href='https:\/\/afea.fr\/news\/seminar\/nouveau-seminaire-capitalisme-et-education-2024-2025-chcsc-telemme-imager\/4936\/'>Nouveau s\u00e9minaire &quot;Capitalisme et \u00c9ducation&quot; 2024-2025 (CHCSC, TELEMMe, IMAGER)<\/a><\/div><time datetime=\"2024-06-18T11:06:09+02:00\" class=\"wp-block-rss__item-publish-date\">juin 18, 2024<\/time> <div class=\"wp-block-rss__item-excerpt\">Nouveau s\u00e9minaire bimestriel &quot;Capitalisme et \u00c9ducation&quot; co-organis\u00e9 par Esther Cyna (UVSQ, CHCSC), Nora Nafaa (CNRS, TELEMMe) et Marie M\u00e9nard (UPEC, [\u2026]<\/div><\/li><li class='wp-block-rss__item'><div class='wp-block-rss__item-title'><a href='https:\/\/afea.fr\/news\/seminar\/sem-politiques-americaines-crea-28-mai-beth-bailey-a-nanterre-et-en-ligne\/4822\/'>SEM Politiques am\u00e9ricaines (CREA) \u2013 28 mai \u2013 Beth Bailey (\u00e0 Nanterre et en ligne)<\/a><\/div><time datetime=\"2024-05-20T15:03:03+02:00\" class=\"wp-block-rss__item-publish-date\">mai 20, 2024<\/time> <div class=\"wp-block-rss__item-excerpt\">Ch\u00e8res et chers coll\u00e8gues, Nous avons le plaisir de vous inviter \u00e0 la prochaine s\u00e9ance du s\u00e9minaire Politiques am\u00e9ricaines qui [\u2026]<\/div><\/li><li class='wp-block-rss__item'><div class='wp-block-rss__item-title'><a href='https:\/\/afea.fr\/news\/seminar\/je-polarisation-des-societes-britannique-et-etatsunienne-causes-consequences-enjeux\/3885\/'>JE &quot;Polarisation des soci\u00e9t\u00e9s britannique et \u00e9tatsunienne : causes, cons\u00e9quences, enjeux&quot;<\/a><\/div><time datetime=\"2024-04-15T16:33:23+02:00\" class=\"wp-block-rss__item-publish-date\">avril 15, 2024<\/time> <div class=\"wp-block-rss__item-excerpt\">Ch\u00e8res et chers coll\u00e8gues, J\u2019ai le plaisir de vous adresser cet appel \u00e0 communications pour une journ\u00e9e d\u2019\u00e9tudes que j\u2019organise [\u2026]<\/div><\/li><li class='wp-block-rss__item'><div class='wp-block-rss__item-title'><a href='https:\/\/afea.fr\/news\/seminar\/sem-politiques-americaines-crea-nanterre-11-avril-agnes-trouillet\/3877\/'>SEM Politiques am\u00e9ricaines (CREA \u2013 Nanterre) \u2013 11 avril \u2013 Agn\u00e8s Trouillet<\/a><\/div><time datetime=\"2024-04-08T09:24:05+02:00\" class=\"wp-block-rss__item-publish-date\">avril 8, 2024<\/time> <div class=\"wp-block-rss__item-excerpt\">Ch\u00e8res et chers coll\u00e8gues, Nous avons le plaisir de vous inviter \u00e0 la prochaine s\u00e9ance du s\u00e9minaire Politiques am\u00e9ricaines qui [\u2026]<\/div><\/li><li class='wp-block-rss__item'><div class='wp-block-rss__item-title'><a href='https:\/\/afea.fr\/news\/seminar\/cycle-la-poesie-exposee-helene-aji-ens-rue-dulm-expogrammes-les-poemes-visuels-de-jackson-mac-low-jeu-4-avril-de-17h-a-18h30\/3828\/'>Cycle La po\u00e9sie expos\u00e9e \u2013 H\u00e9l\u00e8ne Aji (ENS rue d\u2019Ulm) \u00ab \u2018Expogrammes\u2019 : les po\u00e8mes visuels de Jackson Mac Low \u00bb \u2013 Jeu. 4 avril de 17h \u00e0 18h30<\/a><\/div><time datetime=\"2024-03-28T08:09:57+01:00\" class=\"wp-block-rss__item-publish-date\">mars 28, 2024<\/time> <div class=\"wp-block-rss__item-excerpt\">Ch\u00e8res et chers Coll\u00e8gues, Dans le cadre du Cycle interdisciplinaire \u00ab Du livre au mur ! La po\u00e9sie expos\u00e9e (mus\u00e9es, [\u2026]<\/div><\/li><li class='wp-block-rss__item'><div class='wp-block-rss__item-title'><a href='https:\/\/afea.fr\/news\/seminar\/prochaine-seance-du-seminaire-cultures-populaires-universite-de-reims-mercredi-3-avril-16h30-18h30-tristan-le-bras-ehess-prendre-les-ondes-prendre-le-pouvoir-les-disc-jocke\/3827\/'>Prochaine s\u00e9ance du s\u00e9minaire &quot;Cultures populaires&quot;, Universit\u00e9 de Reims, Mercredi 3 avril, 16h30-18h30, Tristan Le Bras (EHESS), &quot;Prendre les ondes, prendre le pouvoir : les disc-jockeys entre charisme, musique et politique sur les radios afro-am\u00e9ricaines (1950s, 1960s)&quot;<\/a><\/div><time datetime=\"2024-03-28T08:09:28+01:00\" class=\"wp-block-rss__item-publish-date\">mars 28, 2024<\/time> <div class=\"wp-block-rss__item-excerpt\">Ch\u00e8res et chers coll\u00e8gues, La prochaine s\u00e9ance du s\u00e9minaire &quot;Cultures populaires&quot; de l\u2019Universit\u00e9 de Reims Champagne-Ardenne (CIRLEP) se tiendra le [\u2026]<\/div><\/li><\/ul>\n\n\n<div class=\"wp-block-buttons is-layout-flex wp-block-buttons-is-layout-flex\">\n<div class=\"wp-block-button\"><a class=\"wp-block-button__link\" href=\"https:\/\/afea.fr\/news\/category\/seminar\">More<\/a><\/div>\n<\/div>\n<\/div><\/div>\n<\/div><\/div>\n\n\n\n<p><\/p>\n","protected":false},"excerpt":{"rendered":"<p>Listed by publication date on this website. For more, please click the button below.<\/p>\n","protected":false},"author":1,"featured_media":0,"parent":0,"menu_order":0,"comment_status":"closed","ping_status":"closed","template":"","meta":{"_uag_custom_page_level_css":"","site-sidebar-layout":"default","site-content-layout":"plain-container","ast-site-content-layout":"default","site-content-style":"default","site-sidebar-style":"default","ast-global-header-display":"","ast-banner-title-visibility":"","ast-main-header-display":"","ast-hfb-above-header-display":"","ast-hfb-below-header-display":"","ast-hfb-mobile-header-display":"","site-post-title":"disabled","ast-breadcrumbs-content":"","ast-featured-img":"","footer-sml-layout":"","ast-disable-related-posts":"","theme-transparent-header-meta":"enabled","adv-header-id-meta":"","stick-header-meta":"","header-above-stick-meta":"","header-main-stick-meta":"","header-below-stick-meta":"","astra-migrate-meta-layouts":"default","ast-page-background-enabled":"default","ast-page-background-meta":{"desktop":{"background-color":"var(--ast-global-color-5)","background-image":"","background-repeat":"repeat","background-position":"center center","background-size":"auto","background-attachment":"scroll","background-type":"","background-media":"","overlay-type":"","overlay-color":"","overlay-opacity":"","overlay-gradient":""},"tablet":{"background-color":"","background-image":"","background-repeat":"repeat","background-position":"center center","background-size":"auto","background-attachment":"scroll","background-type":"","background-media":"","overlay-type":"","overlay-color":"","overlay-opacity":"","overlay-gradient":""},"mobile":{"background-color":"","background-image":"","background-repeat":"repeat","background-position":"center center","background-size":"auto","background-attachment":"scroll","background-type":"","background-media":"","overlay-type":"","overlay-color":"","overlay-opacity":"","overlay-gradient":""}},"ast-content-background-meta":{"desktop":{"background-color":"var(--ast-global-color-4)","background-image":"","background-repeat":"repeat","background-position":"center center","background-size":"auto","background-attachment":"scroll","background-type":"","background-media":"","overlay-type":"","overlay-color":"","overlay-opacity":"","overlay-gradient":""},"tablet":{"background-color":"var(--ast-global-color-4)","background-image":"","background-repeat":"repeat","background-position":"center center","background-size":"auto","background-attachment":"scroll","background-type":"","background-media":"","overlay-type":"","overlay-color":"","overlay-opacity":"","overlay-gradient":""},"mobile":{"background-color":"var(--ast-global-color-4)","background-image":"","background-repeat":"repeat","background-position":"center center","background-size":"auto","background-attachment":"scroll","background-type":"","background-media":"","overlay-type":"","overlay-color":"","overlay-opacity":"","overlay-gradient":""}},"footnotes":""},"class_list":["post-1424","page","type-page","status-publish","hentry"],"uagb_featured_image_src":{"full":false,"thumbnail":false,"medium":false,"medium_large":false,"large":false,"1536x1536":false,"2048x2048":false},"uagb_author_info":{"display_name":"Admin","author_link":"https:\/\/afea.fr\/news\/author\/yanb\/"},"uagb_comment_info":0,"uagb_excerpt":"Listed by publication date on this website. For more, please click the button below.","jetpack_sharing_enabled":true,"_links":{"self":[{"href":"https:\/\/afea.fr\/news\/wp-json\/wp\/v2\/pages\/1424"}],"collection":[{"href":"https:\/\/afea.fr\/news\/wp-json\/wp\/v2\/pages"}],"about":[{"href":"https:\/\/afea.fr\/news\/wp-json\/wp\/v2\/types\/page"}],"author":[{"embeddable":true,"href":"https:\/\/afea.fr\/news\/wp-json\/wp\/v2\/users\/1"}],"replies":[{"embeddable":true,"href":"https:\/\/afea.fr\/news\/wp-json\/wp\/v2\/comments?post=1424"}],"version-history":[{"count":4,"href":"https:\/\/afea.fr\/news\/wp-json\/wp\/v2\/pages\/1424\/revisions"}],"predecessor-version":[{"id":1737,"href":"https:\/\/afea.fr\/news\/wp-json\/wp\/v2\/pages\/1424\/revisions\/1737"}],"wp:attachment":[{"href":"https:\/\/afea.fr\/news\/wp-json\/wp\/v2\/media?parent=1424"}],"curies":[{"name":"wp","href":"https:\/\/api.w.org\/{rel}","templated":true}]}}